t**2 - 23*t + 9. What is the tens digit of v(o)?
7
Let v(a) = -28*a - 3. Let n(q) = 2*q**2 - 16*q + 4. Let l be n(8). Let y be v(l). Let u = y - -286. What is the hundreds digit of u?
1
Let x be ((-40)/24)/(8/(-24)). Let f(v) = 111*v - 104. What is the units digit of f(x)?
1
Let m = -127 - -129. Let j(g) = 11*g**2 - 3*g - 4. What is the units digit of j(m)?
4
Suppose 18*y = 15*y + 543. Let o = y - 89. What is the tens digit of o?
9
Suppose -6*f - 5 = -11. What is the tens digit of (-8)/(32/(-1500)) + 4/f?
7
Suppose q = 5*q - 4. Suppose -2*u - 3*c - 34 = 3*c, 4*c = -5*u - 30. What is the units digit of -4 + q + u + 45?
0
Let z(w) = -2*w**3 - 7*w**2 + 4*w + 5. Let q be z(-4). Suppose 0 = -q*b - 3*b + 232. Let v = b + 40. What is the tens digit of v?
6
Let d = -33383 + 49922. What is the hundreds digit of d?
5
Suppose 955662 = -43*n + 62*n. What is the tens digit of n?
9
Suppose -10*r + 11*r - 2*h - 462 = 0, 3*h - 2757 = -6*r. What is the units digit of r?
0
What is the thousands digit of 1 + -4*(-1 - -2) + (40 - -2336)?
2
Let g(l) = -l**3 + 4*l**2 + 14*l - 1. Suppose -4*c - 2*j - j = 32, -4*j - 36 = 4*c. What is the hundreds digit of g(c)?
1
Let x(y) = -53*y + 54. Let d(q) = -q**3 + 10*q**2 - 9*q - 6. Let p be d(9). What is the hundreds digit of x(p)?
3
Let m = 22 + 8. Suppose 4*b - 30 = -2*n, 0*b + 5*n - m = -b. Let j(c) = 6*c + 24. What is the units digit of j(b)?
4
Let t(l) = 26812*l + 1527. What is the thousands digit of t(1)?
8
Suppose 10866 = -3578*a + 3581*a + 2373. What is the thousands digit of a?
2
Let k = 426 + -21. Suppose -5*j = f - j - k, -795 = -2*f - 3*j. What is the tens digit of f?
9
Let y = 6754 - 5223. What is the thousands digit of y?
1
Let q(l) = 8*l**2 + 13*l - 5. Let i be q(-5). What is the hundreds digit of -16*((-26)/i - (-626)/(-20))?
5
Suppose 15*a = 19*a + 2516. Let n = -371 - a. Suppose -7*y = -10*y + n. What is the units digit of y?
6
Suppose d + 26 - 349 = 0. What is the units digit of 4/38 - (-238663)/d?
9
Let a be -4 + (-15)/(-4) - (-780)/(-16). What is the tens digit of 2/(-7) - 46809/a?
5
Suppose -7*f + 5*f + 238 = 0. Let m = f - 119. Suppose 8*j - 6*j - 262 = m. What is the tens digit of j?
3
Let b(f) = f**2 + 29*f - 60. Let z be b(-31). Suppose 0 = -2*s + n + 1024, z*s - 3*n - 1257 = -233. What is the hundreds digit of s?
5
What is the thousands digit of (346/1211 - (-5986)/70)*935?
0
Let u be 6 + (-1 - (-1 + 10)). What is the hundreds digit of (u/(-10)*905)/1?
3
Let f = -272 + 266. What is the hundreds digit of (-50 + 53)*1*(-454)/f?
2
Suppose 2*q = k - 1 + 2, -k + 11 = 4*q. Let l(h) be the third derivative of h**5/5 - 7*h**3/6 + h**2. What is the units digit of l(k)?
1
Let s = 195 - 90. Let c = s + -16. Let a = 207 - c. What is the tens digit of a?
1
Let v(p) = -2*p + 21. Let r be v(7). Let b(o) = -2*o**2 + 10*o - 3. Let l be b(r). Let h = l + 48. What is the tens digit of h?
1
Let l(x) = 86*x**3 - 6*x**2 - 78*x + 613. What is the tens digit of l(7)?
7
Let n(i) = 149*i**2 + 582*i + 9393. What is the thousands digit of n(-16)?
8
Let h = 532 - -6426. What is the thousands digit of h?
6
Suppose 34 - 264 = 5*a. Let w = 11 + a. What is the units digit of w/7*(-186)/10?
3
Let t = 269 + -266. Let n(q) = -q - 6. Let m be n(-5). What is the tens digit of m*t/(-3)*(60 - 2)?
5
Suppose -1097 - 438 = -5*q. Suppose 2*t - q = 5*h, 6*t - 4*t - 295 = h. What is the tens digit of t?
4
Suppose 146*p - 145*p = 23. Suppose 28*k - 6800 = p*k. What is the thousands digit of k?
1
Suppose 17002 = 9*y - 2384. What is the tens digit of y?
5
Suppose -22809 = 21*t - 105323 - 91555. What is the thousands digit of t?
8
Let u = -37845 + 100103. What is the hundreds digit of u?
2
Let x be (-8)/(-6)*1530/4. Let t(i) = -27*i - 1925. Let k be t(-58). Let o = x + k. What is the hundreds digit of o?
1
Let p be ((-2)/(-9))/(5/45). Let v(w) = -4*w**2 + 2*w - 2. Let r be v(p). What is the units digit of (-2664)/r - (8/(-14))/(-2)?
0
Let j = 4331 + 4107. What is the units digit of j?
8
Let u be (-440)/(-242) - (-6)/33. Suppose 0 = j - 4*b - 970, 2*j + u*b - 3808 = -2*j. What is the hundreds digit of j?
9
Let z = 39 + 2. Suppose -75 = -4*f - 63. Suppose 4*p = f*c + 237, -p - 3*c + 22 = -z. What is the units digit of p?
0
Suppose 3*s = -60 + 69. Suppose 3*z = -5*y + 2700, s*z - 5*y - 2529 = 171. What is the tens digit of z?
0
Suppose -4*j - 366 = -2*o, -7*o + 279 = -3*j - 4*o. What is the tens digit of (1173/34)/(177/j - -2)?
3
Suppose 2*c - 5 = 15. Let b = 29 - c. Suppose 5*a - 469 = -b. What is the units digit of a?
0
Suppose 14*l - 80887 = 57615. What is the units digit of l?
3
Suppose 0 = 5*j + a - 132154, 0 = -6*j + 5*j - 2*a + 26420. What is the hundreds digit of j?
4
Suppose 324*g - 437880 = 300*g. What is the ten thousands digit of g?
1
Suppose 32*p = -8492 + 45868. Suppose -2*i = -2*q - p, -26 = -5*q - 6. What is the hundreds digit of i?
5
Let x = 35009 + -22246. What is the units digit of x?
3
Let w = 1386 + -481. Let n = w + -471. What is the tens digit of n?
3
Let q(x) = -18*x + 20. Let y be q(-3). Suppose -71*g = -y*g. Suppose g = -2*s + n - 6*n + 568, -2*s - n + 568 = 0. What is the units digit of s?
4
Suppose 55*j - 16240 = 102*j - 510210. What is the units digit of j?
0
Let r(x) = 158*x**3 - 2*x**2 + x + 1. Let f be r(-2). Let a = f + 2185. What is the tens digit of a?
1
Suppose 0 = 4*q - z + 50, 2*z - 6*z + 8 = 0. Let b(r) = -16*r + 66. What is the tens digit of b(q)?
5
Let j = 2605 + -235. Let i = j + -1208. What is the thousands digit of i?
1
Let m(o) = o**3 + 12*o**2 - o + 23. Let u be m(-7). Suppose u = 4*y - 5*y. Let t = 396 + y. What is the units digit of t?
1
Let m = -321 - -321. Suppose m*x = 22*x - 5214. What is the hundreds digit of x?
2
Suppose -575 = -10*a - 13*a. Suppose -4*u - 35 = u. Let z = u + a. What is the tens digit of z?
1
Let b = 1896 + 39378. What is the hundreds digit of b?
2
Let a be ((-4)/12)/(4/24). Let q be (a - 2) + 56/7. Suppose -4*y - 4*o + 116 = 0, 0 = -4*y + q*o - 54 + 194. What is the units digit of y?
2
Let t = 47 + -95. Let d = -102 - t. Let s = -23 - d. What is the tens digit of s?
3
Let h(g) be the first derivative of -g**3/3 + 3*g**2 - 5*g - 16. Let k be h(8). Let l = k - -45. What is the units digit of l?
4
Suppose 0 = -18*u + 2131 - 97. What is the units digit of u + -1 - (27 - 34)?
9
Let x be (-4)/(-6)*-519*1. Let v = 166 + x. Let c = -78 - v. What is the tens digit of c?
0
Let q = 31 + -28. Suppose 0*k - 41 = -k - p, -117 = -q*k - p. Let m = 54 + k. What is the units digit of m?
2
Let m(l) = 4*l**2 + 8*l - 12. Let x be ((-12)/9)/(-4)*(1 + 5). Suppose 13 = x*k + 3*j, -16 - 6 = -5*k + 3*j. What is the tens digit of m(k)?
2
Let s be (3 - 0)/(-3) - (-4 + 4). What is the tens digit of 1/1*s*(-347)/1?
4
Let c(v) = v**3 - 5*v - 3*v + 5*v**2 - 1 + 0. Suppose 0 = -5*s - 45 + 15. What is the units digit of c(s)?
1
Let n = -6576 + 15367. What is the thousands digit of n?
8
Suppose -8 = -14*y - 92. What is the tens digit of y/(2 + 4)*(2 - 791)?
8
Let j(r) = -11842*r**3 + 16*r**2 + 19*r + 3. What is the hundreds digit of j(-1)?
8
Let z be (-2 + (0 - -4))*(-1310)/(-4). Suppose -z = 19*c - 8483. What is the hundreds digit of c?
4
Let a(p) = -86*p + 247. What is the units digit of a(-20)?
7
Suppose -w + 28120 = a, 4*w + 23959 - 136469 = a. What is the tens digit of w?
2
Let b = -2574 - -5184. Suppose -360 + b = 10*p. What is the units digit of p?
5
Suppose -5*c - 30489 + 4097 = -2*p, -2*p - 2*c + 26420 = 0. What is the tens digit of p?
0
Let w(h) = 490*h - 261. What is the units digit of w(48)?
9
Let w be ((-440)/10)/(-1)*(-2 + 6). Let p = w + 252. What is the units digit of p?
8
Suppose 0 = 56*s - 2363721 - 1150951. What is the ten thousands digit of s?
6
Let i be 15946/(-136)*(4 + 1 + -1). Let s = i + 1000. What is the tens digit of s?
3
Let d be (2 - -86)*(3 - 2). Let c = d + 35. Suppose -297 = -5*s + c. What is the units digit of s?
4
Let f be 0/(-2*(-2 + 3)). Suppose 26*m - 27*m + 283 = -r, f = 5*r + 15. What is the hundreds digit of m?
2
Let s(u) be the second derivative of 25*u**4/24 + 2*u**3 - u**2/2 - 36*u. Let q(k) be the first derivative of s(k). What is the tens digit of q(3)?
8
Suppose -39*u + 38*u = 47. Let j = 68 + u. Let x = -10 + j. What is the units digit of x?
1
Let p = 6193 + -5296